 divisor of 80 and h?
20
Let c be 12/40*278 + (-3)/(-5). Calculate the highest common factor of c and 12.
12
Let p(k) = k**2 + 7*k + 39. Let z be p(-13). What is the greatest common factor of z and 117?
117
Suppose -2*v - 2*v + 4 = 0. Let k be 300/12 - (-2 - v). What is the greatest common divisor of 56 and k?
28
Let x(k) = k - 22. Let j be x(16). Let b(m) = -m**3 - 7*m**2 - 5*m + 9. Let c be b(j). Suppose c*y = 7*y - 32. What is the greatest common factor of 24 and y?
8
Let k(l) = l**3 - 3*l**2 - 8*l + 21. Let z be k(4). What is the highest common divisor of z and 5?
5
Let u(d) = 37*d - 15. Let q be u(3). Suppose i + i - q = -2*o, 15 = 5*o. Calculate the highest common factor of 18 and i.
9
Let q be (-1 + (-14 - 1))*33/(-12). Calculate the highest common factor of q and 99.
11
Let l(h) = h**2 - 11*h + 28. Let y be l(8). Calculate the greatest common divisor of y and 176.
4
Let x = -660 + 912. Calculate the greatest common divisor of x and 56.
28
Let w(p) = p + 2. Let v be w(0). Suppose 4*r = -4*d + 12, -d - 2*r = -v*d + 15. Calculate the highest common divisor of 63 and d.
7
Suppose 3*w + w = 240. Suppose -24 = -3*y + 3*k, 0 = y - 2*k - 3*k + 8. Calculate the greatest common factor of y and w.
12
Suppose 2*c - 98 = 2. Let x = 40 - 20. What is the greatest common divisor of c and x?
10
Suppose -2*g + 12 = 2*g. Let z = 3 + 6. Calculate the greatest common factor of g and z.
3
Let o be 2/(12/486) + 0/(-2). Suppose -3*j = 3*g - o, 2*j - 101 = -j + 2*g. What is the greatest common divisor of 279 and j?
31
Let p = 607 + -599. Suppose -2*v + v - 16 = -5*u, 0 = -4*v - 4*u + 32. What is the highest common divisor of p and v?
4
Suppose -1 = -t - 2*s, t - 4*s = -7*s + 2. Let u be (t - 2)/(2/(-28)). Calculate the highest common divisor of 252 and u.
42
Let c = -2 - 2. Let p(t) = -t**2 - 6*t + 5. Let v be p(c). Calculate the highest common divisor of 143 and v.
13
Suppose -69*m + 37 = -101. Suppose 3*y + 5*b = 0, -5*y - 4*b + 0*b + 13 = 0. What is the greatest common factor of m and y?
1
Let n be (11 - (-3 + 9))*(-28556)/(-55). Calculate the highest common factor of 44 and n.
44
Suppose 3*m = 15, 5*m = -5*p - 45 + 175. What is the highest common factor of 231 and p?
21
Let q(v) = -v**2 - 2*v + 7*v + 0*v**2. Let p be q(3). Calculate the highest common factor of 3 and p.
3
Suppose f + 5 = 89. Suppose 4*o = 2*k + 2*k + f, 0 = 4*o + 3*k - 105. Let u = o + -9. Calculate the highest common divisor of u and 60.
15
Suppose -2*i = 5*d - 102 - 738, -5*i + 357 = 2*d. Calculate the highest common divisor of 249 and d.
83
Let q be 40 - (162/72 + (-1)/4). What is the greatest common divisor of 1406 and q?
38
Suppose 0 = 8*y - 10*y + 1076. Suppose 5*l - v = y, l + 2*v + 212 = 3*l. What is the highest common factor of 9 and l?
9
Let z(f) = f**2 - 8*f - 5. Let s be z(9). Suppose 2*b = 2*c - 6*c - 2, -s*b - 4 = -c. Let t be b/4 - 130/(-8). Calculate the highest common factor of 24 and t.
8
Let q = -409 + 279. Let i be (5875/30)/1 - 2/(-12). Let n = i + q. Calculate the highest common divisor of n and 6.
6
Suppose 9 = 5*v + i, 8*i - 4*i = 4*v + 12. What is the greatest common factor of v and 12?
1
Suppose 33*k = -4*t + 36*k + 169, 0 = -4*t - 5*k + 145. What is the highest common factor of 344 and t?
8
Suppose 2*b - 5*x - 169 = 0, 5*b - 365 = 5*x - 4*x. What is the greatest common divisor of 216 and b?
72
Suppose -935 = -34*i - 51. What is the greatest common divisor of i and 182?
26
Let a(f) = -f**3 + f**2 + 33*f + 22. Let j be a(-6). Calculate the greatest common factor of 19 and j.
19
Suppose -2*q = 4*n - 76, 4*q - 92 - 33 = n. What is the highest common divisor of 416 and q?
32
Let l(m) = m**3 - 2*m**2 + 3*m - 3. Let i be l(2). Suppose v + i*v = 64. Suppose 2*h = 140 + 20. What is the highest common factor of v and h?
16
Suppose -2*c = 2*y - c - 24, 2*y - 18 = 2*c. Let r = y + 85. Calculate the highest common factor of r and 12.
12
Let x(b) = 2*b**3 + 23*b**2 + 10*b + 5. Let i be x(-11). Let o(z) = 22*z. Let r be o(8). Calculate the highest common divisor of i and r.
16
Let k(n) = 2*n**3 - 11*n**2 + 11*n + 2. Let h be k(5). Calculate the greatest common divisor of h and 736.
32
Let f be 6 - (0 + 0 + 1). Let o(w) = 2*w - 1. Let z(j) = 9*j - 10. Let i(b) = 5*o(b) - z(b). Let y be i(f). Calculate the greatest common factor of y and 80.
10
Let x = 1635 - 1618. What is the highest common factor of x and 3451?
17
Suppose 3*r = 5 + 4, 4*r = 5*c - 43. Suppose 12 = 14*v - c*v. What is the greatest common factor of 4 and v?
4
Suppose 22 = 4*l + 2. Suppose 20 = l*j - 4*j. Calculate the highest common factor of 160 and j.
20
Let q = -103 + 103. Suppose q = 2*t + 9*t - 88. Calculate the greatest common divisor of t and 24.
8
Let v be 2/(-2) - 540/(-15). Let w be 4/2 - 0 - -24. Let y be (-4)/(-4) - w/(-2). What is the greatest common factor of v and y?
7
Suppose 71 = 9*v - 1. What is the greatest common divisor of 152 and v?
8
Suppose -3*d + 7*d - z = 886, -3*d + 662 = -2*z. Calculate the highest common divisor of 6 and d.
6
Let a = -2 + 2. Let d be 2 + (8 - (2 + a)). Suppose -q = -4*i - 0 + 11, i - 5*q = 17. What is the greatest common factor of d and i?
2
Suppose -27*w - 183 = -642. Calculate the greatest common divisor of 629 and w.
17
Let g(w) = -6*w - 5. Let i be g(4). Let z be 51/((14/(-56))/(2/(-8))). Let r = z + i. What is the greatest common factor of r and 55?
11
Let n(s) = -6*s - 43. Let x be n(-13). Suppose -3*o - 7 = -4*o. Calculate the greatest common divisor of x and o.
7
Suppose -4*v = -2*g + 258 - 32, -186 = 3*v + 4*g. Let q = 62 + v. What is the highest common divisor of 8 and q?
4
Let d(s) be the first derivative of 2*s**3/3 - 6*s**2 - 22*s + 4. Let x be d(10). Calculate the highest common factor of x and 145.
29
Suppose -u + 1 - 6 = 0. Let a(r) = 3*r**2 + 6*r + 5. Let n be a(u). Let k(b) = -b**3 + b**2 + 5. Let i be k(0). What is the highest common factor of i and n?
5
Let r = 4 + 2. Let z be ((-7)/(-2))/(1/r). Let g be -3 - (1 - 6 - (-3 + 4)). Calculate the greatest common divisor of g and z.
3
Let k(t) = -t + 1. Let a(j) = -j. Let z(h) = 6*a(h) - 2*k(h). Let m be z(-1). Let l be (-6)/4 + 27/m. What is the greatest common factor of 3 and l?
3
Let v(z) = z**3 - z + 170. Suppose 8*q - 2*q = 0. Let b be v(q). Calculate the highest common divisor of b and 68.
34
Let b = 39 - 26. Let r = 489 + -463. Calculate the highest common factor of r and b.
13
Suppose q = -0 + 5. Suppose -1 + q = j. What is the greatest common divisor of j and 1?
1
Suppose 2*t + a = 34 + 152, -4*t = a - 376. Calculate the highest common divisor of 10 and t.
5
Let t(x) = 19*x**2 - x + 6. Let a = -2 - 1. Let l be t(a). What is the highest common divisor of 20 and l?
20
Suppose -6*t = -9 - 3. Suppose 5*y - 41 = -3*l, -2*y - 4*l = -t*l - 14. What is the greatest common factor of 30 and y?
10
Suppose -117*w + 114*w = -192. Calculate the highest common factor of 8 and w.
8
Suppose 5*u - 73 = -2*a, -2*a - 3*u + 35 + 28 = 0. Let x(k) = 5*k**2 - 7*k + 126. Let d be x(6). Calculate the greatest common divisor of d and a.
24
Let v(o) = -o**3 - o + 2. Let h be v(0). Let n(q) = 85*q**2 - 3*q + 2. Let t be n(2). Suppose t = u + h*u. Calculate the greatest common factor of u and 28.
28
Suppose 171 = 20*d - 789. Calculate the highest common divisor of 1072 and d.
16
Suppose -46*j + 36*j + 210 = 0. Calculate the highest common factor of j and 525.
21
Suppose 0 = -3*n + 73 + 8. Let r be 648/(-2)*((-160)/15 + 10). What is the greatest common factor of n and r?
27
Let t be 4/(-6) - 5520/(-18). What is the highest common factor of t and 90?
18
Let b be (19 + (-15 - -11))/1. What is the highest common factor of b and 147?
3
Let m = 33 + -4. Suppose -m*k = -30*k + 154. Calculate the greatest common factor of 22 and k.
22
Let l(i) = -2*i**3 - 8*i**2 + 11*i - 18. Let x be l(-6). Calculate the greatest common factor of x and 30.
30
Suppose -4*z + 2*z = -4. Suppose 3*s = -z*s + 540. Calculate the highest common factor of s and 12.
12
Let v = -86 + 137. Suppose -176 = -2*r - 5*k, 2*r - 3*k + 12 - 172 = 0. Let y = 117 - r. What is the highest common divisor of y and v?
17
Suppose f - 4*f = -3*r + 21, -4*r - 3*f + 56 = 0. What is the highest common divisor of 11 and r?
11
Suppose 0 = -x + 4*x + 9. Let j = x + 10. What is